2)?
-164
Let z(t) = -157*t - 4710. Determine z(-30).
0
Let z(g) = 6*g**3 - 8*g**2 - 2*g + 12. Determine z(3).
96
Let r(o) = -135*o - 189. Calculate r(4).
-729
Let p(l) = 86*l - 763. Give p(9).
11
Let t(f) = -6*f**2 - 353*f - 25. What is t(-59)?
-84
Let n(m) = -m**3 - 33*m**2 + 30*m - 90. Determine n(-34).
46
Let z(q) = -q**2 + 106*q - 1587. Give z(88).
-3
Let z(j) = -3*j**2 + 404*j - 13580. Give z(70).
0
Let p(t) = 102*t + 1173. Calculate p(-10).
153
Let a(r) = 2*r**2 - 32*r - 54. Calculate a(18).
18
Let h(u) = u**3 + 99*u**2 - 331*u - 2559. Calculate h(-102).
-9
Let l(i) = 3*i**3 + 12*i**2 - 26*i - 86. Determine l(-6).
-146
Let s(q) = 14*q**3 - 4*q**2 - 16*q + 13. Give s(1).
7
Let d(s) = -s**3 - 11*s**2 - 23*s - 23. Give d(-7).
-58
Let i(u) = -57*u - 1742. What is i(-31)?
25
Let f(c) = -c**3 + 16*c**2 - 21*c - 14. What is f(15)?
-104
Let a(o) = -79*o**3 + o**2 - 2*o - 3. Calculate a(-1).
79
Let o(b) = 2*b**2 + 65*b - 108. Calculate o(-34).
-6
Let w(q) = -2*q**2 + 81*q - 143. Give w(41).
-184
Let p(j) = -3*j**2 + 41*j - 117. Calculate p(9).
9
Let f(u) = 13*u**2 - 23*u + 6. What is f(2)?
12
Let m(x) = 68*x**2 - 6*x - 5. Determine m(-1).
69
Let r(s) = -168*s**2 + 2191*s - 97. What is r(13)?
-6
Let y(t) = t**2 + 95*t + 1230. Determine y(-79).
-34
Let y(d) = 28*d - 96. Calculate y(4).
16
Let n(h) = h**3 - 13*h**2 + 26*h + 57. Calculate n(10).
17
Let g(n) = -1113*n + 8900. What is g(8)?
-4
Let c(x) = 33*x + 1006. What is c(-31)?
-17
Let s(w) = 8*w**3 + 3*w**2 - 4*w - 8. Determine s(-1).
-9
Let y(c) = -c**3 - 4*c**2 - 5*c + 6. What is y(-4)?
26
Let r(q) = -57*q + 3266. Give r(57).
17
Let d(m) = -3*m**3 + 7*m**2 - 12*m + 4. Calculate d(4).
-124
Let q(h) = -2*h**3 - 32*h**2 + 81*h + 784. Calculate q(-17).
-15
Let t(q) = 15*q + 18. Determine t(-3).
-27
Let v(c) = -56*c - 1099. What is v(-20)?
21
Let c(x) = x**2 + 59*x + 40. What is c(0)?
40
Let j(c) = c**3 - 28*c**2 + 72*c + 108. Calculate j(25).
33
Let s(j) = j - 4. Calculate s(14).
10
Let q(i) = 2*i**3 + 95*i**2 + 310*i + 98. Calculate q(-44).
10
Let v(s) = -5*s**3 + 2*s**2 + 6*s - 8. Give v(3).
-107
Let x(a) = -326*a**3 + 11*a**2 - 13*a + 2. Give x(1).
-326
Let u(v) = 2*v**2 + 73*v + 421. Calculate u(-29).
-14
Let g(q) = 91*q + 4006. Determine g(-44).
2
Let u(f) = 4*f**2 - 666*f - 938. Determine u(168).
70
Let h(g) = 55*g - 2828. Give h(52).
32
Let d(o) = 254*o + 3552. Calculate d(-14).
-4
Let s(r) = 2*r**2 + 34*r - 469. What is s(-26)?
-1
Let u(b) = b**3 + 21*b**2 - 29*b + 5. Calculate u(-22).
159
Let q(n) = 13*n**2 + 78*n + 116. What is q(-7)?
207
Let r(t) = t**3 - 75*t**2 - 160*t + 429. Calculate r(77).
-33
Let n(j) = j + 136. Give n(-21).
115
Let i(u) = 6*u**2 - 57*u - 20. What is i(10)?
10
Let j(m) = -22*m - 2685. What is j(-124)?
43
Let b(q) = q**2 + 66*q - 607. What is b(8)?
-15
Let i(n) = -n**3 + 30*n**2 + 20*n - 17. Calculate i(0).
-17
Let r(k) = 78*k - 9. Determine r(1).
69
Let b(s) = -s**2 + 20*s - 122. Give b(10).
-22
Let a(j) = 19*j**3 + 2*j**2 + 15*j - 32. Give a(2).
158
Let x(a) = -a**2 + 39*a - 48. Give x(12).
276
Let q(v) = -134*v + 4815. What is q(36)?
-9
Let l(a) = -a**3 + a**2 + 68*a - 15. Give l(8).
81
Let g(m) = -2*m**2 - 13855*m + 83191. Calculate g(6).
-11
Let a(i) = i**3 - 30*i**2 - 34*i + 39. Give a(31).
-54
Let v(h) = h**3 - 4*h**2 - 7*h - 5. Determine v(-4).
-105
Let a(l) = -2*l**2 + 77*l - 445. What is a(6)?
-55
Let f(h) = h**3 - 2*h**2 + 17*h - 266. Give f(6).
-20
Let c(h) = h**2 - 73*h + 337. What is c(5)?
-3
Let b(y) = -4*y**3 + 12*y**2 + 6*y + 5. Calculate b(6).
-391
Let l(d) = 75*d + 595. What is l(-7)?
70
Let c(u) = -u**3 - 8*u**2 - 36*u - 24. Calculate c(-8).
264
Let t(j) = -71*j + 2116. What is t(28)?
128
Let f(w) = 2*w**2 - 19*w - 63. What is f(-10)?
327
Let p(l) = -2*l**2 + 35*l + 97. Determine p(20).
-3
Let g(w) = -w**3 - 14*w**2 - 4*w + 1. What is g(-14)?
57
Let x(q) = -189*q + 206. What is x(1)?
17
Let t(f) = 7*f**3 + 46*f**2 + 15*f - 50. Calculate t(-6).
4
Let n(b) = b**3 + 17*b**2 - 77*b + 133. Give n(-21).
-14
Let k(m) = -13*m - 122. Calculate k(-10).
8
Let p(k) = -24*k**2 + 1003*k + 196. What is p(42)?
-14
Let u(y) = -y**3 - 31*y**2 - 14*y + 492. Calculate u(-30).
12
Let s(i) = -506*i**3 - i**2 - 18*i + 19. What is s(1)?
-506
Let y(c) = -14*c**2 + 260*c - 954. Give y(5).
-4
Let q(l) = 21*l - 116. Calculate q(23).
367
Let m(t) = 2515*t. Determine m(0).
0
Let i(d) = 28*d + 28. Calculate i(-1).
0
Let u(z) = -20*z**2 + 1239*z + 83. Determine u(62).
21
Let b(x) = 29*x - 45. Determine b(2).
13
Let a(o) = -2*o**2 + 28*o - 20. Give a(13).
6
Let k(f) = 80*f + 309. Calculate k(-4).
-11
Let y(l) = -12*l**3 - 4*l**2 - 2*l + 11. Determine y(0).
11
Let l(k) = -20*k + 404. Calculate l(19).
24
Let r(s) = 6137*s + 49092. Give r(-8).
-4
Let u(m) = 2*m**3 - 149*m**2 + 67*m + 544. Determine u(74).
26
Let r(h) = 2*h**2 + 350*h + 8240. Give r(-147).
8
Let m(c) = c**3 + 48*c**2 + 559*c - 47. Calculate m(-20).
-27
Let p(q) = 2*q**2 - 32*q - 43. Give p(14).
-99
Let m(u) = 2*u**3 - 30*u**2 + 17*u - 64. Calculate m(15).
191
Let m(t) = 2*t**3 + 4*t**2 - 68*t - 2. Calculate m(5).
8
Let i(k) = 302*k - 106598. Determine i(353).
8
Let x(p) = -2*p**2 - 12548*p - 2. Give x(0).
-2
Let u(a) = -a**3 + 127*a + 127. Give u(-1).
1
Let w(i) = i**3 - 90*i**2 + 266*i - 545. What is w(87)?
-110
Let v(s) = -292*s**2 - 4671*s - 11. What is v(-16)?
-27
Let y(p) = 8*p**3 - p**2 + 18*p - 18. What is y(3)?
243
Let n(y) = 2*y**3 + 47*y**2 + 71*y - 712. What is n(-21)?
2
Let b(i) = 15554*i - 5. Give b(0).
-5
Let a(x) = x**2 - 269*x + 1844. Calculate a(7).
10
Let h(m) = m**2 + 20*m + 101. What is h(-11)?
2
Let h(i) = -8*i**3 + 8*i**2 - 33*i + 67. Determine h(2).
-31
Let l(z) = -3*z**3 + 35*z**2 + 12*z - 19. Calculate l(12).
-19
Let y(i) = -32*i**2 - 345*i - 5. What is y(-7)?
842
Let k(f) = -722*f + 1431. Calculate k(2).
-13
Let x(k) = -19*k + 231. Give x(20).
-149
Let h(q) = 68*q**2 - 4895*q - 81. Determine h(72).
-9
Let y(o) = 1288*o + 3860. Calculate y(-3).
-4
Let b(w) = 158*w + 305. Determine b(-2).
-11
Let q(p) = 20*p - 307. Calculate q(15).
-7
Let g(o) = 2*o**3 + 20*o**2 - 14*o + 77. What is g(-11)?
-11
Let i(n) = -n**3 + 4*n**2 + 304*n + 47. What is i(19)?
408
Let c(x) = -3*x**2 + 67*x + 65. Calculate c(24).
-55
Let p(c) = 37*c - 125. What is p(9)?
208
Let a(i) = -23*i + 74. Calculate a(2).
28
Let p(z) = 18*z - 422. Calculate p(30).
118
Let z(r) = r**3 + 19*r**2 - 4*r - 8. Determine z(0).
-8
Let z(y) = y**3 + 65*y**2 + 107*y + 2747. Give z(-64).
-5
Let p(v) = -2*v - 27. What is p(-12)?
-3
Let v(d) = -2*d**2 + 31*d - 47. What is v(9)?
70
Let b(z) = -2*z**2 - 7*z + 112. What is b(-9)?
13
Let j(a) = 34*a**2 + 1979*a + 412. Calculate j(-58).
6
Let y(o) = o**3 + 10*o**2 - 7*o + 80. What is y(-11)?
36
Let u(b) = 15*b**3 - 181*b**2 + 13*b - 17. What is u(12)?
-5
Let h(i) = -312*i - 5933. What is h(-19)?
-5
Let j(o) = 2*o**3 + 46*o**2 - 225*o - 256. Determine j(-27).
-13
Let c(w) = -3*w**2 + 72*w - 268. Determine c(4).
-28
Let k(q) = -q**2 + 29*q - 102. Give k(31).
-164
Let q(l) = -37*l - 880. Determine q(-24).
8
Let j(w) = w**3 - 7*w**2 - 20*w + 52. What is j(10)?
152
Let k(r) = -171*r + 4284. Determine k(25).
9
Let n(u) = 26*u**2 + 23*u + 10. Give n(0).
10
Let u(y) = -188*y - 103. Calculate u(-2).
273
Let t(a) = 806*a - 3284. Give t(4).
-60
Let r(s) = 247*s**2 + 2202*s - 194. Give r(-9).
-5
Let k(p) = -52*p + 1695. Give k(33).
-21
Let l(m) = -5*m**2 + 12*m - 13. What is l(-4)?
-141
Let d(s) = -52*s + 4526. What is d(83)?
210
Let g(q) = -2*q**3 - 5*q**2 + 55*q + 186. What is g(-4)?
14
Let a(c) = -1028*c - 2116. Calculate a(-2).
-60
Let z(c) = -11*c - 65. Calculate z(-3).
-32
Let q(p) = 3*p**2 + 240*p + 2951. Calculate q(-65).
26
Let s(i) = 26*i - 844. Calculate s(27).
-142
Let t(r) = -r**3 + 21*r**2 + 203*r + 415. Determine t(-4).
3
Let j(c) = 8*c**2 + 5*c - 8. What is j(5)?
217
Let u(j) = 3*j**3 + 4*j**2 + 2*j + 3. What is u(-5)?
-282
Let l(j) = -6*j**2 + 213*j - 145. Give l(37).
-478
Let m(k) = -5165*k + 41326. Determine m(8).
6
Let k(a) = -10*a**2 - 7*a + 328. Determine k(-6).
10
Let k(d) = -55*d + 69. What is k(2)?
-41
Let r(t) = -12*t**2 - 145*t + 294. Give r(-13).
151
Let v(r) = -r**3 + 10*r**2 + 26*r - 333. Determine v(8).
3
Let p(q) = -q**3 - 63*q**2 - 211*q + 1481. Determine p(-59).
6
Let s(i)